{"id":39,"date":"2012-05-15T16:30:22","date_gmt":"2012-05-15T16:30:22","guid":{"rendered":"http:\/\/www.petrivahakangas.fi\/?page_id=39"},"modified":"2012-10-28T07:48:16","modified_gmt":"2012-10-28T07:48:16","slug":"vaalibudjetti","status":"publish","type":"page","link":"https:\/\/www.petrivahakangas.fi\/?page_id=39","title":{"rendered":"Vaalibudjetti"},"content":{"rendered":"<p>Minulle voi lahjoittaa vaalikassaani Vihreiden lahjoituslinkin kautta:\u00a0<a title=\"Lahjoita Petrille\" href=\"http:\/\/lahjoita.vihreat.fi\/lahjoita\/henkilolle\/petri-vahakangas\" target=\"_blank\">http:\/\/lahjoita.vihreat.fi\/lahjoita\/henkilolle\/petri-vahakangas<\/a>.<\/p>\n<p>P\u00e4ivit\u00e4n t\u00e4t\u00e4 sivua tilanteen mukaan.<\/p>\n<p>Vaalirahoituksen ennakkoilmoitus tehty:\u00a0<a title=\"Ennakkoilmoitus vaalirahoituksesta V\u00e4h\u00e4kangas PA\" href=\"http:\/\/bit.ly\/vaalirahoitus_ennakkoilmoitus\">http:\/\/bit.ly\/vaalirahoitus_ennakkoilmoitus<\/a><\/p>\n<p>Tulot<\/p>\n<ul>\n<li>oma rahoitus 700 e<\/li>\n<li>soitolla saatu osuus 0 e<\/li>\n<li>lahjoitukset 0 e<\/li>\n<\/ul>\n<p>Kulut<\/p>\n<ul>\n<li>www-sivut 60 e<\/li>\n<li>k\u00e4yntikortit\/esitteet \u00a0300 e<\/li>\n<li>ehdokasmaksu 50 e<\/li>\n<li>lehtimainonta 200 e<\/li>\n<li><em>verkkomainonta 50 e *<\/em><\/li>\n<li>tapahtumakulut (matkat, kahvit jne) 40 e<\/li>\n<\/ul>\n<p><em>* suunniteltu kulu, toteutuu jos rahat riitt\u00e4v\u00e4t<\/em><\/p>\n<p><em>viimeisin p\u00e4ivitys 28.10.2012<\/em><\/p>\n<p><a title=\"Tavoitteet ja teesit\" href=\"http:\/\/www.petrivahakangas.fi\/?page_id=24\">Tavoitteet ja teesit<\/a>\u00a0<a title=\"Vaalikiertue\" href=\"http:\/\/www.petrivahakangas.fi\/?page_id=41\">Vaalikiertue<\/a>\u00a0<a title=\"Vaalibudjetti\" href=\"http:\/\/www.petrivahakangas.fi\/?page_id=39\">Vaalibudjetti ja lahjoitukset<\/a>\u00a0<a title=\"Tuu mulle avautumaan!\" href=\"http:\/\/www.petrivahakangas.fi\/?page_id=119\">Avaudu<\/a><\/p>\n<p>&nbsp;<\/p>\n","protected":false},"excerpt":{"rendered":"<p>Minulle voi lahjoittaa vaalikassaani Vihreiden lahjoituslinkin kautta:\u00a0http:\/\/lahjoita.vihreat.fi\/lahjoita\/henkilolle\/petri-vahakangas. P\u00e4ivit\u00e4n t\u00e4t\u00e4 sivua tilanteen mukaan. Vaalirahoituksen ennakkoilmoitus tehty:\u00a0http:\/\/bit.ly\/vaalirahoitus_ennakkoilmoitus Tulot oma rahoitus 700 e soitolla saatu osuus 0 e lahjoitukset 0 e Kulut www-sivut 60 e k\u00e4yntikortit\/esitteet \u00a0300 e ehdokasmaksu 50 e lehtimainonta 200 e verkkomainonta 50 e * tapahtumakulut (matkat, kahvit jne) 40 e * suunniteltu kulu, toteutuu&hellip;&nbsp;<a href=\"https:\/\/www.petrivahakangas.fi\/?page_id=39\" class=\"\" rel=\"bookmark\">Lue lis\u00e4\u00e4 &raquo;<span class=\"screen-reader-text\">Vaalibudjetti<\/span><\/a><\/p>\n","protected":false},"author":1,"featured_media":0,"parent":0,"menu_order":0,"comment_status":"open","ping_status":"open","template":"","meta":{"neve_meta_sidebar":"","neve_meta_container":"","neve_meta_enable_content_width":"","neve_meta_content_width":0,"neve_meta_title_alignment":"","neve_meta_author_avatar":"","neve_post_elements_order":"","neve_meta_disable_header":"","neve_meta_disable_footer":"","neve_meta_disable_title":""},"_links":{"self":[{"href":"https:\/\/www.petrivahakangas.fi\/index.php?rest_route=\/wp\/v2\/pages\/39"}],"collection":[{"href":"https:\/\/www.petrivahakangas.fi\/index.php?rest_route=\/wp\/v2\/pages"}],"about":[{"href":"https:\/\/www.petrivahakangas.fi\/index.php?rest_route=\/wp\/v2\/types\/page"}],"author":[{"embeddable":true,"href":"https:\/\/www.petrivahakangas.fi\/index.php?rest_route=\/wp\/v2\/users\/1"}],"replies":[{"embeddable":true,"href":"https:\/\/www.petrivahakangas.fi\/index.php?rest_route=%2Fwp%2Fv2%2Fcomments&post=39"}],"version-history":[{"count":16,"href":"https:\/\/www.petrivahakangas.fi\/index.php?rest_route=\/wp\/v2\/pages\/39\/revisions"}],"predecessor-version":[{"id":151,"href":"https:\/\/www.petrivahakangas.fi\/index.php?rest_route=\/wp\/v2\/pages\/39\/revisions\/151"}],"wp:attachment":[{"href":"https:\/\/www.petrivahakangas.fi\/index.php?rest_route=%2Fwp%2Fv2%2Fmedia&parent=39"}],"curies":[{"name":"wp","href":"https:\/\/api.w.org\/{rel}","templated":true}]}}