{"id":8,"date":"2012-05-15T16:30:22","date_gmt":"2012-05-15T16:30:22","guid":{"rendered":"http:\/\/www.petrivahakangas.fi\/?page_id=8"},"modified":"2022-03-17T08:24:13","modified_gmt":"2022-03-17T06:24:13","slug":"poliitikko","status":"publish","type":"page","link":"https:\/\/www.petrivahakangas.fi\/?page_id=8","title":{"rendered":"Poliitikko"},"content":{"rendered":"<p>Olen aina ollut kiinnostunut yhteiskunnallisista asioista ja siit\u00e4 mit\u00e4 ymp\u00e4rill\u00e4 tapahtuu. Lempiaineitani koulussa oli historia ja yliopistossakin pidin eniten sosiologian ja filosofian opiskelusta.<\/p>\n<p>Olen toiminut aikaisemmin luottamustoimissa Jyv\u00e4skyl\u00e4n kaupungissa Keski-Suomen sairaanhoitopiirin yhtym\u00e4valtuuston varaj\u00e4senen\u00e4 (maaliskuu 2020 &#8211; elokuu 2021) Jyv\u00e4skyl\u00e4n edustajana ja\u00a0Jyv\u00e4skyl\u00e4n J\u00e4\u00e4halli Oy:n hallituksen puheenjohtajana (lokakuu 2017- syyskuu 2021). Lis\u00e4ksi ollen ollut j\u00e4senen\u00e4 ja varaj\u00e4senen\u00e4 kulttuuri- ja liikuntalautakunnassa (2008-2012) ja Jyv\u00e4skyl\u00e4n tarkastuslautakunnan j\u00e4senen\u00e4 vuosituhannen vaihteessa (1999-2001).<\/p>\n<p>Nykyinen Jyv\u00e4skyl\u00e4n kaupungin luottamustoimeni on Education Facilities Oy hallituksen j\u00e4senyys (lokakuu 2021 -&gt;) Education Facilities on Jyv\u00e4skyl\u00e4n kaupungin omistama kiinteist\u00f6yhti\u00f6 (<a href=\"https:\/\/www.educationfacilities.fi\" target=\"_blank\" rel=\"noopener\">https:\/\/www.educationfacilities.fi<\/a>)<\/p>\n<p>Jyv\u00e4skyl\u00e4n Vihreiss\u00e4 olen ollut j\u00e4senen\u00e4 viime vuosituhannelta l\u00e4htien (1999-&gt;). Olen toiminut Jyv\u00e4skyl\u00e4n Vihreiden puheenjohtajana vuonna 2012 ja Keski-Suomen Vihreiden varapuheenjohtajana vuosina 2014-2017.<\/p>\n<p>Poliittisista asioista kirjoittelen enemm\u00e4n poliitikko Facebook-profiiliini:<\/p>\n<div id=\"fb-root\"><\/div>\n<p><script type=\"text\/javascript\">\/\/ <![CDATA[ (function(d, s, id) { var js, fjs = d.getElementsByTagName(s)[0]; if (d.getElementById(id)) return; js = d.createElement(s); js.id = id; js.src = \"\/\/connect.facebook.net\/fi_FI\/all.js#xfbml=1&#038;appId=146584415466777\"; fjs.parentNode.insertBefore(js, fjs); }(document, 'script', 'facebook-jssdk')); \/\/ ]]><\/script><\/p>\n<div class=\"fb-like-box\" data-href=\"https:\/\/www.facebook.com\/petri.vahakangas.politics\" data-width=\"500\" data-show-faces=\"true\" data-border-color=\"#61BF1A\" data-stream=\"true\" data-header=\"false\"><\/div>\n<p>Voit liitty\u00e4 Vihreiden j\u00e4seneksi vaikka t\u00e4st\u00e4 <a title=\"Liity j\u00e4seneksi\" href=\"http:\/\/www.vihreat.fi\/liity-jaseneksi\" target=\"_blank\" rel=\"noopener noreferrer\">linkist\u00e4<\/a><\/p>\n<p>Vihreisiin minut aikoinaan 1990-luvun lopulla sai liittym\u00e4\u00e4n Vihreiden k\u00e4sitykset sosiaalipolitiikasta ja nimenomaan perustulo-ajattelu. Minusta se onnistuneesti yhdist\u00e4\u00e4 kaksi t\u00e4rke\u00e4\u00e4 periaatetta: a) ty\u00f6nteon tulee olla aina kannattavaa ja kannustavaa b) hyvinvointivaltion tulee pit\u00e4\u00e4 huolta kansalaisistaan. Perustulo kiinnostaa my\u00f6s siksi, ett\u00e4 se poistaa ns. kannustinloukkuja eli ty\u00f6tt\u00f6m\u00e4n\u00e4 kannattaa ottaa mit\u00e4 tahansa ty\u00f6t\u00e4 vastaan ja se takaa p\u00e4\u00e4syn ty\u00f6el\u00e4m\u00e4\u00e4n my\u00f6s mielenterveyssyist\u00e4 tai kehitysvammaisuuden vuoksi ty\u00f6kyvytt\u00f6myysel\u00e4kkeell\u00e4 oleville. T\u00e4m\u00e4 on toki asia, mit\u00e4 ei voi ratkaista paikallisella tasolla, vaan se kuuluu eduskunnalle. Toki Jyv\u00e4skyl\u00e4 voisi olla t\u00e4ss\u00e4 aktiivinen ja ehdottaa perustulokokeilua Keski-Suomessa.<\/p>\n<p>Minusta yhteiskunnan tulee tarjota mahdollisuudet ihmisille el\u00e4\u00e4 mahdollisimman vihre\u00e4\u00e4 arkea. Se tarkoittaa sit\u00e4, ett\u00e4 tavalliset ihmiset voivat tehd\u00e4 arjessaan vihre\u00e4mpi\u00e4 ratkaisuja. Ymp\u00e4rist\u00f6n\u00e4k\u00f6kulman huomioiminen tulee minusta ottaa my\u00f6s julkisen p\u00e4\u00e4t\u00f6ksenteon pohjaksi; me emme voi el\u00e4\u00e4 velaksi taloudessa emmek\u00e4 ymp\u00e4rist\u00f6asioissa tuleville sukupolville.<\/p>\n<div id=\"attachment_418\" style=\"width: 261px\" class=\"wp-caption aligncenter\"><a href=\"http:\/\/www.petrivahakangas.fi\/wp-content\/uploads\/2012\/05\/teltalla_1004_2015.jpg\"><img aria-describedby=\"caption-attachment-418\" loading=\"lazy\" class=\"size-medium wp-image-418\" src=\"http:\/\/www.petrivahakangas.fi\/wp-content\/uploads\/2012\/05\/teltalla_1004_2015-251x300.jpg\" alt=\"Vihreiden teltalla eduskuntavaalit 2015\" width=\"251\" height=\"300\" srcset=\"https:\/\/www.petrivahakangas.fi\/wp-content\/uploads\/2012\/05\/teltalla_1004_2015-251x300.jpg 251w, https:\/\/www.petrivahakangas.fi\/wp-content\/uploads\/2012\/05\/teltalla_1004_2015-768x919.jpg 768w, https:\/\/www.petrivahakangas.fi\/wp-content\/uploads\/2012\/05\/teltalla_1004_2015-856x1024.jpg 856w\" sizes=\"(max-width: 251px) 100vw, 251px\" \/><\/a><p id=\"caption-attachment-418\" class=\"wp-caption-text\">Eduskuntavaaleissa Vihreiden teltalla 10.4.2015. Vihreill\u00e4 oli 24h-kampanja, jolloin kampanjoitiin 24 tuntia yhteen putkeen perjantai-iltap\u00e4iv\u00e4st\u00e4 lauantai-iltap\u00e4iv\u00e4\u00e4n. Kuva: Virpi Kauko.<\/p><\/div>\n","protected":false},"excerpt":{"rendered":"<p>Olen aina ollut kiinnostunut yhteiskunnallisista asioista ja siit\u00e4 mit\u00e4 ymp\u00e4rill\u00e4 tapahtuu. Lempiaineitani koulussa oli historia ja yliopistossakin pidin eniten sosiologian ja filosofian opiskelusta. Olen toiminut aikaisemmin luottamustoimissa Jyv\u00e4skyl\u00e4n kaupungissa Keski-Suomen sairaanhoitopiirin yhtym\u00e4valtuuston varaj\u00e4senen\u00e4 (maaliskuu 2020 &#8211; elokuu 2021) Jyv\u00e4skyl\u00e4n edustajana ja\u00a0Jyv\u00e4skyl\u00e4n J\u00e4\u00e4halli Oy:n hallituksen puheenjohtajana (lokakuu 2017- syyskuu 2021). Lis\u00e4ksi ollen ollut j\u00e4senen\u00e4 ja varaj\u00e4senen\u00e4&hellip;&nbsp;<a href=\"https:\/\/www.petrivahakangas.fi\/?page_id=8\" class=\"\" rel=\"bookmark\">Lue lis\u00e4\u00e4 &raquo;<span class=\"screen-reader-text\">Poliitikko<\/span><\/a><\/p>\n","protected":false},"author":1,"featured_media":0,"parent":0,"menu_order":0,"comment_status":"open","ping_status":"open","template":"","meta":{"neve_meta_sidebar":"","neve_meta_container":"","neve_meta_enable_content_width":"","neve_meta_content_width":0,"neve_meta_title_alignment":"","neve_meta_author_avatar":"","neve_post_elements_order":"","neve_meta_disable_header":"","neve_meta_disable_footer":"","neve_meta_disable_title":""},"_links":{"self":[{"href":"https:\/\/www.petrivahakangas.fi\/index.php?rest_route=\/wp\/v2\/pages\/8"}],"collection":[{"href":"https:\/\/www.petrivahakangas.fi\/index.php?rest_route=\/wp\/v2\/pages"}],"about":[{"href":"https:\/\/www.petrivahakangas.fi\/index.php?rest_route=\/wp\/v2\/types\/page"}],"author":[{"embeddable":true,"href":"https:\/\/www.petrivahakangas.fi\/index.php?rest_route=\/wp\/v2\/users\/1"}],"replies":[{"embeddable":true,"href":"https:\/\/www.petrivahakangas.fi\/index.php?rest_route=%2Fwp%2Fv2%2Fcomments&post=8"}],"version-history":[{"count":21,"href":"https:\/\/www.petrivahakangas.fi\/index.php?rest_route=\/wp\/v2\/pages\/8\/revisions"}],"predecessor-version":[{"id":472,"href":"https:\/\/www.petrivahakangas.fi\/index.php?rest_route=\/wp\/v2\/pages\/8\/revisions\/472"}],"wp:attachment":[{"href":"https:\/\/www.petrivahakangas.fi\/index.php?rest_route=%2Fwp%2Fv2%2Fmedia&parent=8"}],"curies":[{"name":"wp","href":"https:\/\/api.w.org\/{rel}","templated":true}]}}